{"id":1352,"date":"2024-03-09T16:56:35","date_gmt":"2024-03-09T15:56:35","guid":{"rendered":"https:\/\/ctformidable.fr\/?page_id=1352"},"modified":"2026-01-19T21:17:36","modified_gmt":"2026-01-19T20:17:36","slug":"tournee-brouilly","status":"publish","type":"page","link":"https:\/\/ctformidable.fr\/index.php\/tournee-brouilly\/","title":{"rendered":"La Tourn\u00e9e de Brouilly"},"content":{"rendered":"\n<div class=\"wp-block-essential-blocks-infobox  root-eb-infobox-ej0hd\"><div class=\"eb-parent-wrapper eb-parent-eb-infobox-ej0hd \"><div class=\"eb-infobox-ej0hd eb-infobox-wrapper\"><div class=\"infobox-wrapper-inner\"><div class=\"icon-img-wrapper\"><div class=\"eb-infobox-image-wrapper\"><div class=\"eb-image-wrapper\"><div class=\"eb-image-wrapper-inner eb-infobox-image\"><img decoding=\"async\" src=\"https:\/\/ctformidable.fr\/wp-content\/uploads\/2026\/01\/matteo-vercher.png\" alt=\"\"\/><\/div><\/div><\/div><\/div><div class=\"contents-wrapper\"><h2 class=\"title\">La Tourn\u00e9e de Brouilly<\/h2><p class=\"description\">Venez d\u00e9couvrir toutes les routes de Brouilly. Randonn\u00e9e ouverte\/accessible \u00e0 tous les cyclistes et \u00e0 tous les niveaux. VAE accept\u00e9s. Parrain\u00e9e par Matt\u00e9o VERCHER<br>L&rsquo;inscription vous permet de participer au tirage au sort pour gagner des maillots de cyclistes d\u00e9dicac\u00e9s.<\/p><\/div><\/div><\/div><\/div><\/div>\n\n\n\n<hr class=\"wp-block-separator has-alpha-channel-opacity\"\/>\n\n\n\n<div class=\"wp-block-essential-blocks-advanced-heading  root-eb-advance-heading-c400t\"><div class=\"eb-parent-wrapper eb-parent-eb-advance-heading-c400t \"><div class=\"eb-advance-heading-wrapper eb-advance-heading-c400t preset-2 undefined\" data-id=\"eb-advance-heading-c400t\"><h2 class=\"eb-ah-title\"><span class=\"first-title\">Inscriptions et d\u00e9part de 7h30 \u00e0 9h le 27 septembre 2026<\/span><\/h2><p class=\"eb-ah-subtitle\">\u00e0 la salle d&rsquo;animation rurale, route des mazuyers 69220, Cerci\u00e9<\/p><\/div><\/div><\/div>\n\n\n\n<div class=\"wp-block-columns is-layout-flex wp-container-core-columns-is-layout-28f84493 wp-block-columns-is-layout-flex\">\n<div class=\"wp-block-column is-vertically-aligned-center is-layout-flow wp-block-column-is-layout-flow\">\n<div class=\"wp-block-essential-blocks-countdown  root-eb-countdown-vmf58\"><div class=\"eb-parent-wrapper eb-parent-eb-countdown-vmf58 \"><div class=\"eb-countdown-vmf58 eb-cd-wrapper preset3\"><div class=\"eb-cd-inner\" blockid=\"eb-countdown-vmf58\" data-deadline-time=\"1790523830000\" data-is-evergreen-time=\"false\" data-evergreen-time-hours=\"11\" data-evergreen-time-minutes=\"59\" data-evergreen-recurring=\"false\" data-evergreen-restart-time=\"0\" data-evergreen-deadline-time=\"1710924365077\"><div class=\"box cd-box-day\"><span class=\"eb-cd-digit\">00<\/span><span class=\"eb-cd-label\">Jours<\/span><\/div><div class=\"box cd-box-hour\"><span class=\"eb-cd-digit\">00<\/span><span class=\"eb-cd-label\">Heures<\/span><\/div><div class=\"box cd-box-minute\"><span class=\"eb-cd-digit\">00<\/span><span class=\"eb-cd-label\">Minutes<\/span><\/div><div class=\"box cd-box-second\"><span class=\"eb-cd-digit\">00<\/span><span class=\"eb-cd-label\">Secondes<\/span><\/div><\/div><\/div><\/div><\/div>\n<\/div>\n\n\n\n<div class=\"wp-block-column is-layout-flow wp-block-column-is-layout-flow\">\n<iframe src=\"https:\/\/www.google.com\/maps\/embed?pb=!1m18!1m12!1m3!1d2765.433742534052!2d4.668289776634806!3d46.12218928929644!2m3!1f0!2f0!3f0!3m2!1i1024!2i768!4f13.1!3m3!1m2!1s0x47f37e07b4b935f3%3A0x9204ef5d65c620e4!2sSalle%20d&#39;Animation%20Rurale!5e0!3m2!1sfr!2sfr!4v1768323360081!5m2!1sfr!2sfr\" width=\"600\" height=\"450\" style=\"border:0;\" allowfullscreen=\"\" loading=\"lazy\" referrerpolicy=\"no-referrer-when-downgrade\"><\/iframe>\n<\/div>\n<\/div>\n\n\n\n<div class=\"wp-block-columns is-layout-flex wp-container-core-columns-is-layout-28f84493 wp-block-columns-is-layout-flex\">\n<div class=\"wp-block-column is-layout-flow wp-block-column-is-layout-flow\">\n<p>2 Circuits de randonn\u00e9e Cycliste:<br><strong>40 km et 600 de D+<\/strong><br><strong>75 km pour 1200 de D+<\/strong><\/p>\n<\/div>\n\n\n\n<div class=\"wp-block-column is-layout-flow wp-block-column-is-layout-flow\">\n<p>Inscription licenci\u00e9s FFCT: 7 \u20ac<br>Non licenci\u00e9s: 10 \u20ac<br>Contact: <strong>06 82 02 16 78<\/strong><br>Ravitaillement \u00e0 l&rsquo;arriv\u00e9e au sommet du mont B<\/p>\n<\/div>\n<\/div>\n\n\n\n<div class=\"wp-block-buttons is-layout-flex wp-block-buttons-is-layout-flex\">\n<div class=\"wp-block-button has-custom-width wp-block-button__width-100 is-style-fill\"><a class=\"wp-block-button__link has-black-background-color has-background wp-element-button\" href=\"https:\/\/ctformidable.fr\/index.php\/bulletin-dinscription-la-tournee-de-brouilly\/\">Inscription \u00e0 La Tourn\u00e9e de Brouilly<\/a><\/div>\n<\/div>\n\n\n\n<hr class=\"wp-block-separator has-alpha-channel-opacity\"\/>\n\n\n\n<figure class=\"wp-block-embed is-type-video is-provider-youtube wp-block-embed-youtube wp-embed-aspect-16-9 wp-has-aspect-ratio\"><div class=\"wp-block-embed__wrapper\">\n<iframe title=\"Matin\u00e9e cycliste du 28 sept 2025\" width=\"950\" height=\"534\" src=\"https:\/\/www.youtube.com\/embed\/ZT8fm8YimN0?feature=oembed\" frameborder=\"0\" allow=\"accelerometer; autoplay; clipboard-write; encrypted-media; gyroscope; picture-in-picture; web-share\" referrerpolicy=\"strict-origin-when-cross-origin\" allowfullscreen><\/iframe>\n<\/div><\/figure>\n","protected":false},"excerpt":{"rendered":"<p>2 Circuits de randonn\u00e9e Cycliste:40 km et 600 de D+75 km pour 1200 de D+ Inscription licenci\u00e9s FFCT: 7 \u20acNon licenci\u00e9s: 10 \u20acContact: 06 82 02 16 78Ravitaillement \u00e0 l&rsquo;arriv\u00e9e au sommet du mont B<\/p>\n","protected":false},"author":2,"featured_media":0,"parent":0,"menu_order":0,"comment_status":"closed","ping_status":"closed","template":"","meta":{"_eb_attr":"","footnotes":""},"class_list":["post-1352","page","type-page","status-publish","hentry"],"featured_media_urls":[],"_links":{"self":[{"href":"https:\/\/ctformidable.fr\/index.php\/wp-json\/wp\/v2\/pages\/1352","targetHints":{"allow":["GET"]}}],"collection":[{"href":"https:\/\/ctformidable.fr\/index.php\/wp-json\/wp\/v2\/pages"}],"about":[{"href":"https:\/\/ctformidable.fr\/index.php\/wp-json\/wp\/v2\/types\/page"}],"author":[{"embeddable":true,"href":"https:\/\/ctformidable.fr\/index.php\/wp-json\/wp\/v2\/users\/2"}],"replies":[{"embeddable":true,"href":"https:\/\/ctformidable.fr\/index.php\/wp-json\/wp\/v2\/comments?post=1352"}],"version-history":[{"count":31,"href":"https:\/\/ctformidable.fr\/index.php\/wp-json\/wp\/v2\/pages\/1352\/revisions"}],"predecessor-version":[{"id":1714,"href":"https:\/\/ctformidable.fr\/index.php\/wp-json\/wp\/v2\/pages\/1352\/revisions\/1714"}],"wp:attachment":[{"href":"https:\/\/ctformidable.fr\/index.php\/wp-json\/wp\/v2\/media?parent=1352"}],"curies":[{"name":"wp","href":"https:\/\/api.w.org\/{rel}","templated":true}]}}