{"id":1508,"date":"2025-04-13T17:07:32","date_gmt":"2025-04-13T15:07:32","guid":{"rendered":"https:\/\/ctformidable.fr\/?post_type=product&#038;p=1508"},"modified":"2025-12-11T22:25:07","modified_gmt":"2025-12-11T21:25:07","slug":"maillot-de-velo-gobik-sixphonnes-du-mont-brouilly_2025","status":"publish","type":"product","link":"https:\/\/ctformidable.fr\/index.php\/produit\/maillot-de-velo-gobik-sixphonnes-du-mont-brouilly_2025\/","title":{"rendered":"Maillot de V\u00e9lo GOBIK Sixphonn\u00e9s du Mont Brouilly_2025"},"content":{"rendered":"<h2>MAILLOT MIXTE<\/h2>\n<h2>CONCEPT<\/h2>\n<p>Maillot technique \u00e0 manche courte tr\u00e8s l\u00e9ger et a\u00e9rodynamique, avec une coupe ajust\u00e9e coupe qui trouve un bon \u00e9quilibre entre performance et confort est une v\u00e9ritable r\u00e9f\u00e9rence dans notre gamme de produits. Il est adapt\u00e9 \u00e0 tous les types de disciplines. Cette nouvelle version 2.0 int\u00e8gre des am\u00e9liorations structurelles pour un meilleur a\u00e9rodynamisme et un look plus \u00e9pur\u00e9.<\/p>\n<ul>\n<li><strong>Propri\u00e9t\u00e9s<\/strong>: Ultralight | Aero<\/li>\n<li><strong>Coupe<\/strong>: Perfect fit<\/li>\n<li><strong>Plage de temp\u00e9ratures<\/strong>: +20 a +38 \u00baC<\/li>\n<li><strong>Protection solaire<\/strong>: 50+. UPF<\/li>\n<li><strong>Poids<\/strong>: 110 g (M)<\/li>\n<\/ul>\n<h2>CONDITIONS OPTIMALES<\/h2>\n<p>Temp\u00e9ratures chaudes \u00e0 tr\u00e8s chaudes. Entra\u00eenements, sorties ou comp\u00e9titions de tous types et conditions. Le maillot court coupe atteint un bon \u00e9quilibre entre performance et confort, nous permettant de passer de nombreuses heures sur le v\u00e9lo dans un grand confort.<\/p>\n<h2>D\u00c9TAILS<\/h2>\n<ul>\n<li>Nouvelle structure plus a\u00e9rodynamique, a\u00e9rodynamique et minimaliste.<\/li>\n<li>Combinaison de 4 tissus techniques.<\/li>\n<li>Zip invers\u00e9 invisible.<\/li>\n<li>Grande capacit\u00e9 de transport avec 3 poches en tissu textur\u00e9 et syst\u00e8me GRS.<\/li>\n<li>Ceinture prolong\u00e9e en silicone.<\/li>\n<li>D\u00e9tails r\u00e9fl\u00e9chissants.<\/li>\n<\/ul>\n<h2>D\u00c9VELOPPEMENT<\/h2>\n<ul>\n<li>Afin d&rsquo;am\u00e9liorer les performances a\u00e9rodynamiques, la structure a \u00e9t\u00e9 redessin\u00e9e pour diriger le flux d&rsquo;air vers le bas du dos. Les panneaux lat\u00e9raux plus pointus se trouvent d\u00e9sormais \u00e0 l&rsquo;int\u00e9rieur de la poche pour un look plus \u00e9pur\u00e9 et minimaliste.<\/li>\n<li>Combine 4 tissus diff\u00e9rents pour un v\u00eatement technique et tr\u00e8s efficace. Avec un coupe parfait, il est con\u00e7u pour de longues heures sur le v\u00e9lo dans un grand confort.<\/li>\n<li>Zip nylon invers\u00e9 et dissimul\u00e9 pour une esth\u00e9tique tr\u00e8s soign\u00e9e.<\/li>\n<li>Dans le dos, notre syst\u00e8me innovant brevet\u00e9 GRS (Gobik Retention System) prendra soin de vos biens les plus pr\u00e9cieux avec une s\u00e9curit\u00e9 absolue. Ses 3 poches renforc\u00e9es en angle ont un tissu textur\u00e9 nuevo qui favorise la dissipation de l&rsquo;air.<\/li>\n<li>Une ceinture prolong\u00e9e en silicone fait le tour de la taille pour s\u00e9curiser le v\u00eatement.<\/li>\n<\/ul>\n<p><button class=\"Collapsible__Button Heading u-h6\" data-action=\"toggle-collapsible\" aria-expanded=\"true\">PERFECT FIT<\/button><\/p>\n<div class=\"Collapsible__Inner\">\n<div class=\"Collapsible__Content\">\n<div class=\"Rte\">\n<p>Ce sont des v\u00eatements\u00a0<strong>tr\u00e8s ajust\u00e9s<\/strong>.<\/p>\n<p>Base layers et maillots, con\u00e7us pour agir comme une seconde peau, mais sans entraver les mouvements habituels sur le v\u00e9lo, par exemple<\/p>\n<\/div>\n<p>&nbsp;<\/p>\n<p><button class=\"Collapsible__Button Heading u-h6\" data-action=\"toggle-collapsible\" aria-expanded=\"true\">ENTRETIEN ET LAVAGE<\/button><\/p>\n<div class=\"Collapsible__Inner\">\n<div class=\"Collapsible__Content\">\n<div class=\"Rte\">\n<p><strong>Si vous voulez garder votre v\u00eatement GOBIK en parfait \u00e9tat, suivez ces conseils :<\/strong><\/p>\n<ul>\n<li>Ne pas nettoyer \u00e0 sec.<\/li>\n<li>Laver \u00e0 l&rsquo;eau froide.<\/li>\n<li>Lavez maillots \u00e0 l&rsquo;envers avec les fermetures \u00e9clair ferm\u00e9es.<\/li>\n<li>Utilisez des d\u00e9tergents neutres et n&rsquo;utilisez pas d&rsquo;adoucissants.<\/li>\n<li>Utilisez le programme pour les v\u00eatements d\u00e9licats.<\/li>\n<li>Centrifuger \u00e0 la vitesse la plus basse possible.<\/li>\n<li>Ne laissez pas le v\u00eatement tremper.<\/li>\n<li>Ne tordez pas le v\u00eatement pour l&rsquo;essorer.<\/li>\n<li>Faites s\u00e9cher le v\u00eatement \u00e0 l&rsquo;envers et \u00e0 l&rsquo;ombre.<\/li>\n<li>Ne pas repasser.<\/li>\n<li>Le frottement de la fermeture \u00e9clair, du velcro, des accessoires, avec certains tissus peut provoquer un effet de d\u00e9collement lors de l&rsquo;utilisation ou du lavage, ce qui ne sera pas consid\u00e9r\u00e9 comme un d\u00e9faut ou un vice du tissu.<\/li>\n<\/ul>\n<div class=\"icons\"><img decoding=\"async\" src=\"https:\/\/cdn.shopify.com\/s\/files\/1\/0052\/7876\/1029\/files\/no-planchar_thumb.png?v=1542476059\" alt=\"\" \/><img decoding=\"async\" src=\"https:\/\/cdn.shopify.com\/s\/files\/1\/0052\/7876\/1029\/files\/no-lavar-en-seco_thumb.png?v=1542476082\" alt=\"\" \/><img decoding=\"async\" src=\"https:\/\/cdn.shopify.com\/s\/files\/1\/0052\/7876\/1029\/files\/lavar-30-grados_thumb.jpg?v=1542476429\" alt=\"\" \/><img decoding=\"async\" src=\"https:\/\/cdn.shopify.com\/s\/files\/1\/0052\/7876\/1029\/files\/no-bleach-symbol_thumb.jpg?v=1542476656\" alt=\"\" \/><\/div>\n<\/div>\n<\/div>\n<\/div>\n<\/div>\n<\/div>\n","protected":false},"excerpt":{"rendered":"<p>&nbsp;<\/p>\n<p>&nbsp;<\/p>\n","protected":false},"featured_media":1516,"comment_status":"open","ping_status":"closed","template":"","meta":{"_eb_attr":""},"product_brand":[],"product_cat":[22,21],"product_tag":[],"class_list":{"0":"post-1508","1":"product","2":"type-product","3":"status-publish","4":"has-post-thumbnail","6":"product_cat-maillot-de-velo","7":"product_cat-tenue-de-velo","9":"first","10":"instock","11":"shipping-taxable","12":"purchasable","13":"product-type-variable","14":"has-default-attributes"},"featured_media_urls":{"thumbnail":["https:\/\/ctformidable.fr\/wp-content\/uploads\/2025\/04\/Maillot_Vue_Face-150x150.png",150,150,true],"medium":["https:\/\/ctformidable.fr\/wp-content\/uploads\/2025\/04\/Maillot_Vue_Face-264x300.png",264,300,true],"medium_large":["https:\/\/ctformidable.fr\/wp-content\/uploads\/2025\/04\/Maillot_Vue_Face.png",660,750,false],"large":["https:\/\/ctformidable.fr\/wp-content\/uploads\/2025\/04\/Maillot_Vue_Face.png",660,750,false],"1536x1536":["https:\/\/ctformidable.fr\/wp-content\/uploads\/2025\/04\/Maillot_Vue_Face.png",660,750,false],"2048x2048":["https:\/\/ctformidable.fr\/wp-content\/uploads\/2025\/04\/Maillot_Vue_Face.png",660,750,false],"inspiro-featured-image":["https:\/\/ctformidable.fr\/wp-content\/uploads\/2025\/04\/Maillot_Vue_Face.png",660,750,false],"inspiro-loop":["https:\/\/ctformidable.fr\/wp-content\/uploads\/2025\/04\/Maillot_Vue_Face-660x320.png",660,320,true],"inspiro-loop@2x":["https:\/\/ctformidable.fr\/wp-content\/uploads\/2025\/04\/Maillot_Vue_Face-660x640.png",660,640,true],"woocommerce_thumbnail":["https:\/\/ctformidable.fr\/wp-content\/uploads\/2025\/04\/Maillot_Vue_Face-200x200.png",200,200,true],"woocommerce_single":["https:\/\/ctformidable.fr\/wp-content\/uploads\/2025\/04\/Maillot_Vue_Face-500x568.png",500,568,true],"woocommerce_gallery_thumbnail":["https:\/\/ctformidable.fr\/wp-content\/uploads\/2025\/04\/Maillot_Vue_Face-100x100.png",100,100,true],"portfolio_item-thumbnail":["https:\/\/ctformidable.fr\/wp-content\/uploads\/2025\/04\/Maillot_Vue_Face-600x400.png",600,400,true],"portfolio_item-thumbnail@2x":["https:\/\/ctformidable.fr\/wp-content\/uploads\/2025\/04\/Maillot_Vue_Face.png",660,750,false],"portfolio_item-masonry":["https:\/\/ctformidable.fr\/wp-content\/uploads\/2025\/04\/Maillot_Vue_Face-600x682.png",600,682,true],"portfolio_item-masonry@2x":["https:\/\/ctformidable.fr\/wp-content\/uploads\/2025\/04\/Maillot_Vue_Face.png",660,750,false],"portfolio_item-thumbnail_cinema":["https:\/\/ctformidable.fr\/wp-content\/uploads\/2025\/04\/Maillot_Vue_Face-660x335.png",660,335,true],"portfolio_item-thumbnail_portrait":["https:\/\/ctformidable.fr\/wp-content\/uploads\/2025\/04\/Maillot_Vue_Face-600x750.png",600,750,true],"portfolio_item-thumbnail_portrait@2x":["https:\/\/ctformidable.fr\/wp-content\/uploads\/2025\/04\/Maillot_Vue_Face.png",660,750,false],"portfolio_item-thumbnail_square":["https:\/\/ctformidable.fr\/wp-content\/uploads\/2025\/04\/Maillot_Vue_Face.png",660,750,false]},"_links":{"self":[{"href":"https:\/\/ctformidable.fr\/index.php\/wp-json\/wp\/v2\/product\/1508","targetHints":{"allow":["GET"]}}],"collection":[{"href":"https:\/\/ctformidable.fr\/index.php\/wp-json\/wp\/v2\/product"}],"about":[{"href":"https:\/\/ctformidable.fr\/index.php\/wp-json\/wp\/v2\/types\/product"}],"replies":[{"embeddable":true,"href":"https:\/\/ctformidable.fr\/index.php\/wp-json\/wp\/v2\/comments?post=1508"}],"version-history":[{"count":1,"href":"https:\/\/ctformidable.fr\/index.php\/wp-json\/wp\/v2\/product\/1508\/revisions"}],"predecessor-version":[{"id":1515,"href":"https:\/\/ctformidable.fr\/index.php\/wp-json\/wp\/v2\/product\/1508\/revisions\/1515"}],"wp:featuredmedia":[{"embeddable":true,"href":"https:\/\/ctformidable.fr\/index.php\/wp-json\/wp\/v2\/media\/1516"}],"wp:attachment":[{"href":"https:\/\/ctformidable.fr\/index.php\/wp-json\/wp\/v2\/media?parent=1508"}],"wp:term":[{"taxonomy":"product_brand","embeddable":true,"href":"https:\/\/ctformidable.fr\/index.php\/wp-json\/wp\/v2\/product_brand?post=1508"},{"taxonomy":"product_cat","embeddable":true,"href":"https:\/\/ctformidable.fr\/index.php\/wp-json\/wp\/v2\/product_cat?post=1508"},{"taxonomy":"product_tag","embeddable":true,"href":"https:\/\/ctformidable.fr\/index.php\/wp-json\/wp\/v2\/product_tag?post=1508"}],"curies":[{"name":"wp","href":"https:\/\/api.w.org\/{rel}","templated":true}]}}